se 10.
-1102
What is -691 (base 10) in base 12?
-497
-1186 (base 14) to base 15
-d8d
1101000111101010 (base 2) to base 11
37413
Convert 99ab (base 12) to base 5.
1020404
Convert 3022240 (base 5) to base 13.
19087
Convert -610 (base 14) to base 12.
-832
-32032113 (base 4) to base 9
-87826
Convert 341233 (base 6) to base 8.
70225
4567a (base 11) to base 15
14872
Convert -132 (base 15) to base 8.
-420
What is -a47 (base 13) in base 6?
-12033
Convert 1010011100 (base 2) to base 12.
478
253334 (base 7) to base 3
2101020002
-59203 (base 10) to base 5
-3343303
What is 2053 (base 14) in base 6?
41425
Convert -320043 (base 7) to base 9.
-83713
55c (base 14) to base 5
13222
Convert 201212 (base 3) to base 10.
536
Convert -101000110001 (base 2) to base 10.
-2609
What is -13043 (base 6) in base 11?
-1532
1201122 (base 3) to base 12
88b
6544 (base 8) to base 6
23512
What is -49c (base 15) in base 4?
-100113
Convert -21712 (base 8) to base 10.
-9162
Convert 10 (base 9) to base 5.
14
What is -269b (base 16) in base 5?
-304013
Convert 1a48 (base 14) to base 5.
123033
Convert -a29b (base 13) to base 14.
-8268
Convert -1725 (base 10) to base 9.
-2326
Convert 21147 (base 11) to base 4.
13201001
-436 (base 13) to base 4
-23101
What is 457 (base 10) in base 11?
386
What is -11858 (base 10) in base 6?
-130522
6ceb (base 15) to base 8
55203
What is -230024 (base 5) in base 6?
-101403
What is -9581 (base 10) in base 12?
-5665
12546 (base 10) to base 2
11000100000010
What is 12201212 (base 4) in base 12?
13572
What is -7506 (base 8) in base 11?
-2a35
-12223 (base 4) to base 10
-427
1125 (base 6) to base 9
328
What is -340 (base 14) in base 9?
-785
What is -331321 (base 4) in base 13?
-1a59
9768 (base 11) to base 14
49b6
2c8 (base 13) to base 3
200121
Convert 1111101 (base 2) to base 7.
236
Convert 624 (base 16) to base 4.
120210
Convert 6 (base 15) to base 8.
6
Convert 2075 (base 8) to base 4.
100331
779 (base 12) to base 3
1111210
What is 3201424 (base 5) in base 12?
26a70
What is -1851 (base 14) in base 7?
-15531
What is -c54 (base 14) in base 13?
-1148
172 (base 14) to base 13
19a
-311301 (base 4) to base 12
-1ba9
What is -1049 (base 14) in base 7?
-11122
What is 328 (base 11) in base 9?
476
Convert -332013 (base 4) to base 7.
-14406
Convert 67d5 (base 16) to base 4.
12133111
Convert 4403 (base 5) to base 12.
423
What is -133774 (base 8) in base 6?
-1002020
Convert -2202100002 (base 3) to base 7.
-313664
3a68 (base 11) to base 14
1ccd
What is 3355 (base 10) in base 6?
23311
What is -31108 (base 9) in base 8?
-50025
Convert -411024 (base 6) to base 16.
-7f78
What is -42312 (base 6) in base 11?
-4341
Convert 46c5 (base 16) to base 13.
8328
-1301122 (base 4) to base 16
-1c5a
What is ac9 (base 16) in base 13?
1345
What is 250 (base 10) in base 7?
505
What is 5b (base 12) in base 3?
2122
Convert -1111 (base 4) to base 6.
-221
Convert -350c (base 15) to base 12.
-6626
What is 135014 (base 6) in base 2?
11000111010010
What is 6466 (base 9) in base 15?
1623
-12243 (base 5) to base 7
-2523
What is -2140110 (base 5) in base 2?
-1001000000101001
Convert 54231 (base 7) to base 13.
61b3
What is 1310311 (base 4) in base 8?
16465
531 (base 6) to base 9
241
-1840 (base 9) to base 6
-10313
Convert -101210223 (base 4) to base 7.
-416565
-667 (base 11) to base 8
-1437
Convert -11010000001111 (base 2) to base 5.
-411302
What is -2212 (base 7) in base 4?
-30121
Convert -304430 (base 5) to base 2.
-10011100000110
-875 (base 9) to base 14
-392
-1ada (base 15) to base 9
-7887
Convert a42 (base 11) to base 16.
4e8
Convert 14424 (base 5) to base 10.
1239
-103 (base 16) to base 14
-147
Convert 30021 (base 4) to base 16.
309
-858 (base 16) to base 5
-32021
-233 (base 10) to base 2
-11101001
Convert 10220 (base 4) to base 8.
450
What is -1342 (base 7) in base 9?
-637
-2189 (base 15) to base 3
-100202010
Convert -311 (base 6) to base 15.
-7a
What is 3144 (base 10) in base 9?
4273
Convert 40244 (base 5) to base 16.
a0e
-23090 (base 10) to base 9
-34605
-334543 (base 7) to base 3
-10000022021
-305a (base 16) to base 15
-3a03
Convert 313000 (base 5) to base 8.
24207
What is 4ee (base 16) in base 12?
892
What is -5b9e (base 16) in base 5?
-1222304
Convert 221222 (base 4) to base 12.
1662
What is -12599 (base 13) in base 15?
-a0bb
3442 (base 9) to base 7
10301
What is -2491 (base 15) in base 4?
-1321222
21200 (base 3) to base 14
10b
1c372 (base 13) to base 7
320611
Convert -42627 (base 9) to base 12.
-143b1
Convert 96 (base 16) to base 14.
aa
403 (base 10) to base 15
1bd
18873 (base 12) to base 10
35799
101110101010 (base 2) to base 15
d41
Convert 3c (base 13) to base 16.
33
What is -12211 (base 4) in base 2?
-110100101
Convert -264 (base 12) to base 8.
-554
Convert 65 (base 12) to base 6.
205
Convert -200000120 (base 3) to base 5.
-410022
-37a (base 11) to base 8
-702
Convert -252 (base 9) to base 8.
-321
Convert 51600 (base 7) to base 2.
11000101100010
-5962 (base 10) to base 7
-23245
What is -8e (base 16) in base 6?
-354
What is 7461 (base 8) in base 7?
14224
110001111001 (base 2) to base 13
15b8
-135334 (base 6) to base 11
-9744
Convert 3303 (base 6) to base 8.
1367
What is 1476 (base 10) in base 2?
10111000100
What is 317 (base 15) in base 9?
854
212113 (base 4) to base 15
ada
What is 258 (base 15) in base 11?
445
Convert 36360 (base 9) to base 15.
7339
What is 33650 (base 9) in base 2?
101011110000001
What is 7d70 (base 15) in base 11?
19032
Convert 3d6a (base 16) to base 11.
108a3
Convert -52734 (base 10) to base 5.
-3141414
What is -29d (base 16) in base 7?
-1644
What is 2784 (base 10) in base 3?
10211010
What is b6d (base 15) in base 9?
3474
3254 (base 6) to base 13
460
-214245 (base 6) to base 13
-8153
6000 (base 11) to base 14
2ca6
What is -182 (base 11) in base 5?
-1321
What is a5d (base 14) in base 10?
2043
Convert -164 (base 13) to base 8.
-373
Convert -110010001010100 (base 2) to base 14.
-9508
1123222 (base 4) to base 11
4453
What is -5243 (base 6) in base 9?
-1550
What is 62db (base 14) in base 9?
25343
112102 (base 3) to base 8
605
What is -414 (base 8) in base 3?
-100221
What is 1000121 (base 3) in base 15?
34a
What is 1000003 (base 5) in base 8?
36414
-101100 (base 4) to base 10
-1104
Convert 100011100 (base 2) to base 10.
284
-223545 (base 6) to base 7
-106253
11001001101001 (base 2) to base 9
18628
Convert 132 (base 7) to base 14.
52
What is 123 (base 16) in base 3?
101210
What is -24488 (base 9) in base 14?
-5dc6
Convert 2528 (base 10) to base 12.
1568
What is 130330 (base 6) in base 9?
17150
What is 3583 (base 10) in base 6?
24331
Convert -b35 (base 15) to base 13.
-11c3
-376 (base 16) to base 2
-1101110110
Convert -204404 (base 5) to base 14.
-26d8
What is -510f (base 16) in base 14?
-77c3
Convert 12 (base 9) to base 10.
11
-22b9 (base 12) to base 4
-330231
What is -5188 (base 10) in base 15?
-180d
-3364 (base 7) to base 5
-14342
Convert -7701 (base 8) to base 11.
-3037
What is -158 (base 10) in base 6?
-422
-201434 (base 6) to base 13
-7339
What is 4832 (base 15) in base 13?
6ca7
Convert 3520 (base 7) to base 8.
2410
What is -32b (base 14) in base 15?
-2bc
Convert -1110100000 (base 2) to base 14.
-4a4
a4e (base 15) to base 12
1418
-36a (base 11) to base 14
-235
What is -20403 (base 5) in base 10?
-1353
21033 (base 4) to base 13
366
-8cc (base 14) to base 12
-1018
What is -10111100 (base 2) in base 9?
-228
What is 1163 (base 11) in base 3?
2002100
10222002 (base 3) to base 8
5513
What is 301 (base 9) in base 12?
184
Convert -14515 (base 6) to base 7.
-6566
What is -30ea (base 15) in base 12?
-5ba1
What is cb25 (base 14) in base 8?
104455
Convert -2201431 (base 5) to base 6.
-450421
Convert 110104 (base 8) to base 16.
9044
Convert 202001 (base 3) to base 11.
452
Convert 646 (base 8) to base 12.
2b2
Convert 211 (base 13) to base 16.
160
Convert -112325 (base 6) to base 3.
-111012122
What is 2586 (base 9) in base 13?
b64
13232 (base 4) to base 14
274
341 (base 8) to base 13
144
Convert -18584 (base 9) to base 7.
-52351
Convert 552 (base 7) to base 6.
1150
Convert 3a9 (base 16) to base 5.
12222
111000111001 (base 2) to base 15
112b
Convert -111110000010011 (base 2) to base 9.
-47512
Convert -53360 (base 8) to base 9.
-33468
Convert -282 (base 11) to base 16.
-14c
-637 (base